206 is divided by 373.
352
What is the remainder when 1935633 is divided by 1334?
1333
What is the remainder when 43984 is divided by 1258?
1212
Calculate the remainder when 13512 is divided by 347.
326
What is the remainder when 806678 is divided by 70?
68
Calculate the remainder when 20167 is divided by 85.
22
Calculate the remainder when 6048 is divided by 754.
16
What is the remainder when 21576 is divided by 7170?
66
What is the remainder when 14392 is divided by 288?
280
Calculate the remainder when 2750 is divided by 786.
392
Calculate the remainder when 64587 is divided by 64551.
36
What is the remainder when 4254 is divided by 244?
106
What is the remainder when 19665 is divided by 57?
0
Calculate the remainder when 15409 is divided by 1208.
913
Calculate the remainder when 321639 is divided by 205.
199
Calculate the remainder when 7330 is divided by 2419.
73
Calculate the remainder when 2316 is divided by 772.
0
Calculate the remainder when 2837 is divided by 1297.
243
What is the remainder when 667 is divided by 279?
109
Calculate the remainder when 6310 is divided by 97.
5
Calculate the remainder when 704 is divided by 260.
184
What is the remainder when 758511 is divided by 757?
754
What is the remainder when 8023 is divided by 51?
16
Calculate the remainder when 36255 is divided by 35.
30
Calculate the remainder when 1540988 is divided by 140089.
9
Calculate the remainder when 468 is divided by 204.
60
What is the remainder when 4244 is divided by 23?
12
Calculate the remainder when 3037 is divided by 167.
31
What is the remainder when 132192 is divided by 10?
2
What is the remainder when 2191 is divided by 620?
331
Calculate the remainder when 996 is divided by 288.
132
What is the remainder when 928463 is divided by 138?
137
What is the remainder when 148711 is divided by 2096?
1991
Calculate the remainder when 161529 is divided by 4141.
30
Calculate the remainder when 37879 is divided by 42.
37
What is the remainder when 820 is divided by 309?
202
What is the remainder when 48608 is divided by 260?
248
Calculate the remainder when 60857 is divided by 20283.
8
Calculate the remainder when 218 is divided by 202.
16
What is the remainder when 5506 is divided by 342?
34
Calculate the remainder when 15199 is divided by 40.
39
What is the remainder when 4647 is divided by 702?
435
Calculate the remainder when 13282 is divided by 81.
79
Calculate the remainder when 11955 is divided by 506.
317
What is the remainder when 67379 is divided by 67312?
67
Calculate the remainder when 1791 is divided by 47.
5
Calculate the remainder when 25684 is divided by 1283.
24
Calculate the remainder when 3062920 is divided by 68.
64
What is the remainder when 4218 is divided by 3495?
723
Calculate the remainder when 642198 is divided by 650.
648
Calculate the remainder when 2428 is divided by 966.
496
Calculate the remainder when 73507 is divided by 3499.
28
What is the remainder when 441444 is divided by 316?
308
Calculate the remainder when 8125 is divided by 193.
19
What is the remainder when 36400 is divided by 38?
34
What is the remainder when 36806 is divided by 1752?
14
What is the remainder when 116461 is divided by 208?
189
What is the remainder when 2924 is divided by 330?
284
Calculate the remainder when 30981 is divided by 184.
69
Calculate the remainder when 12412 is divided by 1769.
29
Calculate the remainder when 385343 is divided by 72.
71
What is the remainder when 16544 is divided by 500?
44
What is the remainder when 15454 is divided by 47?
38
Calculate the remainder when 143969 is divided by 3.
2
What is the remainder when 693 is divided by 192?
117
What is the remainder when 10550 is divided by 10369?
181
Calculate the remainder when 9478 is divided by 3136.
70
Calculate the remainder when 58498 is divided by 12.
10
What is the remainder when 1741 is divided by 451?
388
Calculate the remainder when 55261 is divided by 31.
19
Calculate the remainder when 199757 is divided by 39949.
12
What is the remainder when 1222 is divided by 1165?
57
Calculate the remainder when 47228 is divided by 397.
382
Calculate the remainder when 476 is divided by 72.
44
Calculate the remainder when 73304 is divided by 2714.
26
Calculate the remainder when 43382 is divided by 131.
21
What is the remainder when 11975 is divided by 69?
38
Calculate the remainder when 2151507 is divided by 29.
26
What is the remainder when 3109 is divided by 1349?
411
What is the remainder when 7935 is divided by 3754?
427
Calculate the remainder when 135541 is divided by 114.
109
What is the remainder when 5694 is divided by 15?
9
Calculate the remainder when 1161 is divided by 63.
27
What is the remainder when 300998 is divided by 173?
151
What is the remainder when 7079 is divided by 161?
156
Calculate the remainder when 1414 is divided by 232.
22
Calculate the remainder when 4818 is divided by 204.
126
What is the remainder when 54714 is divided by 109?
105
What is the remainder when 48522 is divided by 3229?
87
What is the remainder when 49880 is divided by 39?
38
Calculate the remainder when 2553 is divided by 111.
0
Calculate the remainder when 5114 is divided by 646.
592
What is the remainder when 1228 is divided by 149?
36
Calculate the remainder when 2084302 is divided by 139.
136
Calculate the remainder when 92335 is divided by 21.
19
Calculate the remainder when 2227 is divided by 2191.
36
What is the remainder when 22204 is divided by 35?
14
What is the remainder when 2951 is divided by 1468?
15
What is the remainder when 10761 is divided by 4870?
1021
What is the remainder when 39173 is divided by 1561?
148
What is the remainder when 808829 is divided by 209?
208
What is the remainder when 2898 is divided by 1338?
222
Calculate the remainder when 31216 is divided by 3902.
0
Calculate the remainder when 7623 is divided by 638.
605
Calculate the remainder when 718977 is divided by 24.
9
What is the remainder when 27697 is divided by 5539?
2
What is the remainder when 3955028 is divided by 409?
407
Calculate the remainder when 2017 is divided by 1148.
869
What is the remainder when 57194 is divided by 37?
29
Calculate the remainder when 2132 is divided by 206.
72
What is the remainder when 940083 is divided by 162?
159
Calculate the remainder when 104041 is divided by 93.
67
Calculate the remainder when 1344 is divided by 197.
162
What is the remainder when 319342 is divided by 16?
14
Calculate the remainder when 1131106 is divided by 17.
11
What is the remainder when 2130923 is divided by 69?
65
Calculate the remainder when 1452217 is divided by 506.
503
Calculate the remainder when 3308 is divided by 123.
110
Calculate the remainder when 394969 is divided by 71.
67
What is the remainder when 5793115 is divided by 288?
283
What is the remainder when 2896 is divided by 2885?
11
What is the remainder when 7947 is divided by 30?
27
Calculate the remainder when 54791 is divided by 10956.
11
What is the remainder when 18685 is divided by 18669?
16
Calculate the remainder when 24292 is divided by 935.
917
Calculate the remainder when 139 is divided by 109.
30
Calculate the remainder when 2090 is divided by 2012.
78
Calculate the remainder when 6447 is divided by 6426.
21
What is the remainder when 11198 is divided by 229?
206
What is the remainder when 10327 is divided by 1467?
58
Calculate the remainder when 10621 is divided by 280.
261
What is the remainder when 26436 is divided by 433?
23
What is the remainder when 28760 is divided by 181?
162
Calculate the remainder when 9199 is divided by 243.
208
What is the remainder when 43447 is divided by 44?
19
Calculate the remainder when 178159 is divided by 451.
14
Calculate the remainder when 109033 is divided by 54512.
9
Calculate the remainder when 904 is divided by 648.
256
What is the remainder when 144688 is divided by 26?
24
What is the remainder when 36985 is divided by 46?
1
Calculate the remainder when 51725 is divided by 424.
421
What is the remainder when 7032 is divided by 102?
96
What is the remainder when 16320 is divided by 526?
14
What is the remainder when 50409 is divided by 10080?
9
Calculate the remainder when 7093 is divided by 544.
21
What is the remainder when 21617 is divided by 393?
2
What